ulate the remainder when 25 is divided by p.
12
Let s(w) = w**3 - 3*w**2 + 2*w. Let c = 7 + -5. Let q be s(c). Suppose q = -d - 3*y + 28, -3*d + 3*y - 6 = -30. Calculate the remainder when d is divided by 7.
6
Calculate the remainder when (24 + -10)*(-2)/(-4) is divided by 5.
2
What is the remainder when 15 is divided by 1 + 2 - -1 - -4?
7
Suppose 7*o - y + 58 = 2*o, -3*o + 5*y - 26 = 0. What is the remainder when 9/3 - o/2 is divided by 2/9 - (-52)/9?
3
Let u(s) = 4*s**2 - s. Let m be u(-1). Suppose -3*n + 3*d = 0, -m*n - 3*d + 16 = -8. What is the remainder when 9 is divided by n?
0
Let a(t) = -t**3 + 16*t**2 + t + 11. What is the remainder when a(16) is divided by 16?
11
Let b be (-69)/(-4) - 3/12. Suppose -2*u + 4 + 26 = 0. Let d = u + b. What is the remainder when d is divided by 11?
10
Suppose 3*x - 5*d = 9, x - 2*d + 4 - 7 = 0. Suppose 0 = -6*w + x*w + 54. Let m(a) = -a**2 + 12*a - 1. What is the remainder when m(7) is divided by w?
16
Let w(v) be the second derivative of -v**5/10 + v**2/2 - 3*v. What is the remainder when 50 is divided by w(-2)?
16
Let s(q) be the first derivative of q**4/4 - 2*q**3/3 + q**2 - 3*q + 2. What is the remainder when s(4) is divided by 19?
18
Let o(a) = -4*a**2 + 66*a - 8. Let r(j) = -j**2 - 10*j - 7. Calculate the remainder when o(15) is divided by r(-6).
14
Let k(g) = -g**3 + g**2 + g - 2. Let i be -1 - (-1 - -3 - 3). Suppose i = -h - 2 - 0. What is the remainder when k(h) is divided by 3?
2
Suppose -4*p + 20 = f, -p + 5*f + 3 = 19. Calculate the remainder when 14 is divided by p.
2
Let j be (-48)/22 - (-8)/44. Calculate the remainder when (-2)/(0 - 3/6) is divided by 0 + 4 + j/2.
1
Let y(u) = 4*u - 1. Let r be 38 - (4/2 + 1). Suppose -3*h = 2*h - r. Calculate the remainder when y(5) is divided by h.
5
Let h(z) = 7*z**2 + 2*z + 1. Let x be h(-1). What is the remainder when 28 is divided by x*(-1)/2 + 19?
12
Let a(c) = -c - 13. Let j be a(-9). Let s = j + 26. What is the remainder when s is divided by 6?
4
Let n(y) = -3 - 1 - y + 2 - 2*y**3 - y**2. What is the remainder when (1/3)/((-1)/(-69)) is divided by n(-2)?
11
Suppose 3*j = -5*t + 137 + 19, -t - 44 = -j. Let a be 79 - 3/3 - -2. Let p = a - 56. Calculate the remainder when j is divided by p.
23
Let l = -3 + 2. Let b be 1 + (l - (-6)/2). Suppose -b*g + 28 = g. What is the remainder when g is divided by 4?
3
Suppose -3*s + 4*m = -29, 2*s = -0*s + 5*m + 24. Suppose -s*u + 60 = -2*u. What is the remainder when 47 is divided by u?
11
Let m = 4 - -20. Calculate the remainder when m is divided by 13.
11
Suppose -8 = 3*g - 7*g. Suppose -3*s - s = -4, -22 = -4*p + g*s. Calculate the remainder when 10 is divided by p.
4
Let p = -5 + 127. Suppose 5*v - 5*z - 325 = 20, 2*v + 2*z - p = 0. What is the remainder when v is divided by 22?
21
Let r(c) = c**2 + 4*c + 3. Let b(z) = z**3 - 6*z**2 + 4*z + 1. Let n be b(5). What is the remainder when 3 + -1 - 8/n is divided by r(-4)?
1
Let b be 1 + (-1)/((-4)/8). What is the remainder when 35 is divided by 3 + -6 + 18 - b?
11
Let s be -2 + 1 - (3 + -6). Suppose -r - 9 = -s*r. What is the remainder when 16 is divided by r?
7
Suppose -o + 114 = 2*x - 3*o, 3*x - o = 175. Suppose 2*q - 3*a - x = 2*a, -76 = -3*q - 5*a. What is the remainder when q is divided by 10?
7
Let q be 3/(-2)*(-46 + 0). Let l = q - 48. What is the remainder when 61 is divided by l?
19
Suppose -m = -4*m. Suppose -g + 14 = -m*g. Calculate the remainder when g is divided by 4.
2
Let b(o) = 3*o**2 - 3*o - 4. Suppose -4*k = k - 110. Suppose -4*u + 2*u = -k. Calculate the remainder when b(-3) is divided by u.
10
Suppose -9 - 27 = -g. Suppose 0 = -5*y - 5, 3*b = -2*y - y + g. Let s = b - 5. Calculate the remainder when 30 is divided by s.
6
Calculate the remainder when 19/(((-18)/15)/(-6)) is divided by 20.
15
Suppose 5*h - 35 = -5*s, -h = 3*h + 12. Let g be 2/s + 2/(-10). Suppose g*r + 48 = 4*r. What is the remainder when 46 is divided by r?
10
Suppose -2*n + 5*z + 12 = 0, 3*n + 2*z = 7*z + 23. What is the remainder when (-28)/(-6)*(-63)/(-7) is divided by n?
9
Suppose 2*z = -4*w + 20, -3*z + 12 = -3*w - 0. Calculate the remainder when z is divided by 4.
2
Suppose 52 = 2*a + 14. Calculate the remainder when a is divided by 82/8 - (-2)/(-8).
9
Calculate the remainder when 41 is divided by (-8)/(-6)*(3 + (-9)/(-2)).
1
Suppose 3*f + f = -12. Calculate the remainder when (3/(-2))/((-3)/40) is divided by 1 + (-24)/(12/f).
6
Suppose 9*c - 6*c = 258. What is the remainder when c is divided by 22?
20
Let c be ((-1)/(-2))/(5/10). Let d be 5/(c - 0/(-3)). Suppose -7 = -r + s, -d*r - 4*s + 19 = -s. What is the remainder when 8 is divided by r?
3
Let y(t) = 18*t. Suppose 4*k = -5*s + 18, k + 6 = s + 3*k. Let q(p) = 9*p + 1. What is the remainder when y(s) is divided by q(2)?
17
Let f be (-4)/(-8)*(-1 + 3). Let o(w) = 6*w**2. Calculate the remainder when o(f) is divided by 4.
2
Let j(n) = -8*n - 1 + 1. Calculate the remainder when j(-4) is divided by (132/(-36))/((2/(-6))/1).
10
Let r(h) = h**2 + h + 13. Let l be r(0). Suppose -4*q + 3*j = -66 - l, -33 = -2*q - 5*j. What is the remainder when 75 is divided by q?
18
Let w(z) = -z + 2. Calculate the remainder when w(-14) is divided by 9.
7
Suppose 5*d = 140 + 30. Calculate the remainder when d is divided by 14.
6
Suppose -5*l + 3*l = -154. What is the remainder when l is divided by 26?
25
Calculate the remainder when 44 is divided by 2 + (-96)/(-10) + (-10)/(-25).
8
Let y(j) = -j**3 + j**2 + 3*j + 6. Calculate the remainder when y(-3) is divided by 14.
5
Let h be ((-8)/6)/((-12)/18). Let m(y) = 10*y + 0*y**3 - y**3 + 6*y**2 + y**h. What is the remainder when 47 is divided by m(8)?
15
Let h(o) = -o**2 + o + 7. Let l be h(0). Suppose 3*q = l*q - 36. What is the remainder when 1/(-2) + 102/4 is divided by q?
7
Let r = 65 + -118. Let v = r + 32. Calculate the remainder when ((-6)/(-7))/((-3)/v) is divided by 4.
2
Calculate the remainder when 12/(-9)*(-12)/(-8) - -50 is divided by 26.
22
Let z(f) = f. Let u be z(4). Suppose 54 + 69 = 3*n. Suppose l - 5 = 3*o, -3 - n = -4*l + u*o. What is the remainder when l is divided by 8?
6
Let t(k) = 2*k**2 + 7*k + 4. Let n be (3 - -29)*-2 + 1. Let j = -27 - n. What is the remainder when j is divided by t(-5)?
17
Let h(d) = 4*d + 13 - 18 + 4. Let t be h(1). Suppose m + 5*p - 3 = -5, -t*m + 3*p = -48. What is the remainder when 36 is divided by m?
10
Suppose -3*o = o + 72. Let v = o - -73. What is the remainder when v is divided by 19?
17
Let l = -41 + 55. What is the remainder when 68 is divided by l?
12
Suppose -2*k + 5*p + 205 = 3*k, 2*k - 66 = -2*p. What is the remainder when k is divided by 10?
7
Let t(m) = m**2 - 7*m + 6. What is the remainder when 8 is divided by t(7)?
2
Let q = 32 + -11. Calculate the remainder when 98 is divided by q.
14
Let i be 10/6 + (-3)/(-9). Suppose g - 23 = -0*g - i*p, 5*p = 5*g - 40. What is the remainder when 24 is divided by g?
11
Calculate the remainder when 153 is divided by (-10)/45 - 400/(-18).
21
Suppose 2*b - 26*t + 22*t = 10, 0 = b + 4*t - 17. Calculate the remainder when 43 is divided by b.
7
Let u(m) = -m**3 - 4*m**2 - 4*m + 1. Let a = 74 - 63. What is the remainder when a is divided by u(-3)?
3
Suppose -3*g + 15 = 0, -15 = -p - 0*p - 2*g. Suppose 0 = -p*s - 52 - 23. Calculate the remainder when 37 is divided by -3 - 0 - (s - 1).
11
Let l(v) = 11*v + 43. What is the remainder when l(12) is divided by 44?
43
Let o be 0 - (2 + -4 - 0). Suppose o*h = -6, 1 = 2*b + 7*h - 2*h. Calculate the remainder when 23 is divided by b.
7
Let h(c) = -c**2 - 9*c + 11. Suppose 0*w + 12 = 3*w. What is the remainder when h(-9) is divided by w?
3
Suppose -2*y = -5*f + y + 30, 3*f + 3*y + 6 = 0. Suppose 9 = 2*v - 11. What is the remainder when 3 + (28 - f/1) is divided by v?
8
Suppose -125 = -0*u - 5*u. What is the remainder when u is divided by ((-35)/(-5))/((-2)/(-4))?
11
Suppose 2*g = 3*g. Let a(j) = j**3 - j**2 + 13. Calculate the remainder when a(g) is divided by 20/3 - 2/(-6).
6
Let p(c) = -c + 2. Calculate the remainder when 44 is divided by p(-13).
14
Let d = 12 - -3. Calculate the remainder when 56 is divided by d.
11
Suppose -14*y - 36 = -18*y. What is the remainder when 149 is divided by y?
5
What is the remainder when (-15)/(-5)*(-71)/(-3) is divided by 1